What is the tens digit of x?
8
Let i(l) = -14*l**3 - l**2 - l + 1. Let a be i(1). Let t(f) = -31*f - 157. What is the units digit of t(a)?
8
Suppose -p = 3*c + 1, 3*c + 2 = 5*c. What is the hundreds digit of (-9)/(36/(-2672)) + 2 + p?
6
Let u(d) = 468*d + 122. What is the hundreds digit of u(4)?
9
Let t(u) = 5*u**2 - 21*u + 41. Let q be t(13). Let z = q + -412. What is the hundreds digit of z?
2
Let q(n) = n**2 - 16*n + 30. Let k be q(14). Suppose -k + 1 = z. What is the units digit of -2*(-1 - z - 26)?
2
Suppose 2860173 = 127*j - 3697853. What is the ten thousands digit of j?
5
Suppose -18*a = -15*a - 4*w + 393, -4*w = 3*a + 417. What is the thousands digit of 4/5 + (-200502)/a?
1
Let d be -140*((-23)/8)/(19/38). Suppose -3*b - d = -3715. What is the tens digit of b?
7
What is the thousands digit of 12 + ((-1)/2)/(18/(-110844))?
3
Suppose 16*h = 12*h - 20. Let s = h - -10. What is the units digit of 21/2*((-30)/(-9))/s?
7
Let f = -40 - 10. Let w be (7/35 - -7)*f/4. Let s = w + 265. What is the tens digit of s?
7
Let t(b) be the second derivative of -b**4/12 + 26*b**3/3 - 175*b**2/2 - 43*b. What is the hundreds digit of t(33)?
4
Let f = -1066 + 417. Let x = f - -412. Let r = x - -390. What is the hundreds digit of r?
1
Let x = -13090 - -21155. What is the tens digit of x?
6
Let h = 1880 + -536. Suppose l + 4*p = 3*l - 650, -4*l + h = 3*p. What is the units digit of l?
3
Let q(p) = -3*p**2 + 22*p - 7. Let n be q(7). Suppose -j - 5*y + 599 = n, 17*j - 19*j = 4*y - 1174. What is the tens digit of j?
7
What is the hundreds digit of (5 - -860) + 27 + -17?
8
Let s = 39869 - 27379. What is the hundreds digit of s?
4
Let g(r) be the first derivative of r**4/2 + 5*r**3/2 + 25*r**2 + 22*r - 5. Let x(f) be the first derivative of g(f). What is the hundreds digit of x(-6)?
1
Let n = 30 - 30. Suppose -4*b + 4*i - 956 = n, b - i + 242 = i. Let j = b - -421. What is the tens digit of j?
8
Suppose 3*a = 6*a - 3738. Suppose -3*z = 5*w - a, 2*w - 4*z = -w + 765. Suppose -3*n = -52 - w. What is the hundreds digit of n?
1
Suppose -3*l - 2*g - 87 + 31 = 0, -l - 5*g = 36. What is the hundreds digit of (l/(-3))/((-7)/(-1092))?
8
Let k(o) = 4*o**2 + 3*o**3 - 2*o - 14 + 10*o**2 - 8 - 2*o**3. Let v be k(-14). What is the hundreds digit of v/(-4)*(-642)/9?
1
Let h = -397 + 652. Suppose 0 = 4*f - 105 - h. What is the tens digit of f?
9
Suppose -p = -f - 4*f - 16, -f = p + 8. Let k be (-7 + 3)/(f/26). What is the units digit of 6*(-2 - k/(-12))?
1
Let q be (3/(-2))/(-1 + 14/12). Let z be (26/8 - 0)/(q/(-468)). Suppose -6*f = 37 - z. What is the units digit of f?
2
Let a(g) = -g**2 + 19*g - 1. Let s be (210/(-49) - -3)*-7. What is the units digit of a(s)?
9
Let h(b) = 21*b**2 - 7*b + 92. Suppose 97*z - 119*z + 132 = 0. What is the units digit of h(z)?
6
Suppose 16597 = -9*h + 96535. What is the units digit of h?
2
Let r(h) = 45*h**2 - 7*h - 4. What is the tens digit of r(-9)?
0
Let s(d) = -d**2 - 3*d + 1. Let c be s(0). Let g(f) = f**2 - 1. Let m be g(c). Suppose -3*u + m*u = -468. What is the hundreds digit of u?
1
Let i(f) = -46*f**3 + 11*f**2 + 24*f - 1. Let p(j) = -j**2 - 9*j - 21. Let s be p(-6). What is the hundreds digit of i(s)?
2
Suppose 52 = 5*s + 37. Suppose -s*q = 5*p - 3869 - 2859, 2716 = 2*p - 5*q. What is the hundreds digit of p?
3
Let p(u) = -u**3 + 90*u**2 - 144*u - 235. What is the units digit of p(87)?
4
Let c be 306/(-7)*37/(481/(-546)). Suppose -1840*k + 3456 = -c*k. What is the units digit of k?
4
Suppose 448 = 2*a - 320. Let v(j) = 43*j - 86. Let r be v(7). Let q = a - r. What is the units digit of q?
9
What is the units digit of 6*4*(-7 - 4965/(-60))?
8
Suppose -289 = 3*v + 2*j, 3*j - 2*j = 5*v + 460. Let n = v + 61. Let f = n + 212. What is the tens digit of f?
8
Let m = 15653 - -5980. What is the ten thousands digit of m?
2
Let g be 461 + 4 + 2 + -4. Suppose 0 = -k - x + g, -5*k + x + 2679 = 340. What is the hundreds digit of k?
4
Suppose -8*p - 210674 = -122*p + 947338. What is the hundreds digit of p?
1
Let q = 25 + -12. Suppose q*n + 1031 = -1673. Let y = 459 + n. What is the hundreds digit of y?
2
Let b(v) = -3011*v + 3659. What is the tens digit of b(-6)?
2
Let f be (18 - 9) + -5 + 17*1. Suppose -g + 19 - 33 = 0. Let l = f - g. What is the units digit of l?
5
Suppose 0 = 50*n - 56*n + 42. Suppose -5*t - 2*v = -n*v - 105, -v - 97 = -5*t. What is the units digit of t?
9
Let b be (-58)/(-20) + (-22)/(-220). Suppose -3*m + 2*z + 1690 = b*z, 5*z + 542 = m. What is the tens digit of m?
6
Let p be 8/(-6) + (-48)/(-9). Suppose w + 103 = 5*x, p*x - 2*w = 2*w + 76. Suppose -72 - x = -3*n. What is the tens digit of n?
3
Let c be (-2)/(-11) + (-4)/22. Suppose -153*d - 20 = -133*d. What is the units digit of 132 + (d - c - 4)?
7
Let x(j) = j**2 + 14*j + 35. Let s(o) = o**2 + 14*o + 13. Let k be s(-12). Let t be x(k). What is the hundreds digit of (48/3 + 2)*15/t?
1
What is the tens digit of (-36 - 139623/66)/(1/(-18))?
2
Let i(c) = 1327*c - 14527. What is the thousands digit of i(49)?
0
Let g = 35471 + -10435. What is the ten thousands digit of g?
2
Let q = -12661 - -27500. What is the thousands digit of q?
4
Let q(i) = 23*i**2 + 33*i + 18. Let s(d) = -d**2 - 1. Let x(w) = q(w) + 6*s(w). What is the units digit of x(-8)?
6
Let l(z) = 36*z**3 - 16*z**2 - 10*z - 52. What is the thousands digit of l(6)?
7
Let m(v) = 12*v - 33. Let n be m(9). Suppose -2*o - n = -1301. What is the hundreds digit of o?
6
Let j(y) = y + 27. Let l be j(-22). Let r be 1*66 + 4/(-2). Suppose 5*u - 90 = -l*o, 3*o + 2*u - 4*u = r. What is the tens digit of o?
2
What is the units digit of -36*(11 - 743/4) - 8?
3
Let d = 3737 - 1194. What is the thousands digit of d?
2
Let f(j) be the third derivative of j**4/24 - 17*j**3/2 + 15*j**2. Let w be f(-15). Let s = 115 + w. What is the units digit of s?
9
Let r(t) = 314*t**2 - 317*t**2 + t + 13*t**3 + 1 - 2*t**3. Suppose -7*j = -2*j - 10. What is the tens digit of r(j)?
7
Suppose 2*t = -64*n + 65*n + 31547, 4*t - 63112 = 4*n. What is the thousands digit of t?
5
Suppose 784*f = 780*f + 56812. What is the tens digit of f?
0
Let f(p) = -p**2 - 6*p + 63. Let s be f(-8). Suppose 0 = s*l - 78*l + 19034. What is the tens digit of l?
1
Suppose u - s = -u + 3119, u - 3*s - 1547 = 0. Suppose u = -6*p + 530. Let y = -120 - p. What is the tens digit of y?
5
Suppose -87*z + 954448 = -55*z + 84*z. What is the hundreds digit of z?
2
What is the tens digit of (844/3)/((-16)/(-444))?
0
Let x be (-3 - -3) + 14/(-1). Let n(c) = -c**3 - 14*c**2 + c + 16. Let z be n(x). Suppose z*p - 26 = -4*r, -5 = -5*r - 0. What is the tens digit of p?
1
Suppose -4 = -4*n - 0*u - 2*u, 0 = u - 4. What is the units digit of (-5)/((2/(-106))/(n/(-1)))?
5
Suppose 48*q + 5 = 53*q. What is the hundreds digit of (1048/4 - -2) + 3/q?
2
Suppose 0 = -2*x + x - 2*d + 2, 2*x - 3*d - 4 = 0. Suppose y = x*y - 0*y. Suppose 0 = -3*p - 5*i + 352, 4*p - 477 = -y*p + i. What is the hundreds digit of p?
1
Let f = 51 - 51. Suppose f = 6*c - 3*c - 12. Suppose -p + 2*a + 2*a + 130 = 0, 0 = -3*p + c*a + 430. What is the units digit of p?
0
Let s(q) = 4260*q + 509. What is the tens digit of s(3)?
8
Let b = 24880 - 14459. What is the hundreds digit of b?
4
Suppose -8*d = -55 + 15. Suppose 0 = -d*m + 252 + 1833. What is the tens digit of m?
1
Let b be (2/(-24)*-9)/(2/(-184)). Let t = 188 + b. What is the hundreds digit of t?
1
Let u = 28122 + -17416. What is the units digit of u?
6
Let d(z) = 2*z**2 + 5*z - 10. Let v be d(4). Suppose -2 = 3*b + 3*w + 19, 4*b + 2*w = -22. Let c = v - b. What is the tens digit of c?
4
Let j = -1263 - -892. Let q = j + 534. What is the tens digit of q?
6
Suppose 4*n + 204 = 2*l, l - 12*n + 9*n = 105. Suppose -3*v = -2*o - 1009, 5*o + l - 1811 = -5*v. What is the hundreds digit of v?
3
Suppose 24*q = -24*q + 8112. What is the units digit of q?
9
Suppose -3*z = -2*n - 14, -5*z + 0*n + 23 = -3*n. Suppose -y = -4*y + z*y. Suppose 0*j - 4*j - 2*v = -48, v = y. What is the units digit of j?
2
Let h(o) = o**3 + 20*o**2 + 12*o - 29. Let d be h(-16). Suppose -d*b = -807*b + 1892. What is the units digit of b?
3
Suppose 0 = -4*b + 3*z - 20760 + 70438, -b = z - 12430. What is the tens digit of b?
2
Let f(a) = -4*a + 42. Suppose -5*g + 48 = -g. Let r be f(g). What is the units di